+ 2 - a**3 + m*a**2. What is w(3)?
5
Suppose 5*o + 7 = 17. Suppose -4 + o = -c. Let m(n) = 2*n**2 - 2*n - 2*n**2 - 1 - n**c + n. Determine m(-3).
-7
Let o(i) be the third derivative of -i**6/120 - 2*i**5/15 - 5*i**4/24 + 3*i**3/2 + 40*i**2. Give o(-7).
-5
Let u(y) = -3*y - 25. Let a(n) = -n**3 + 41*n**2 - 117*n + 101. Let s be a(38). Calculate u(s).
14
Let p(y) = -y**3 - 7*y**2 + 7*y - 1. Let x = -1702 + 1694. Give p(x).
7
Let d(a) be the first derivative of -13 - 1/3*a**3 - 1/2*a**2 - 2*a. What is d(-3)?
-8
Suppose 0 = 2240*o - 2237*o + 9. Let f(a) be the first derivative of -2*a**3/3 + a**2/2 - 3. What is f(o)?
-21
Let w(c) = -23 - c**2 + 5*c + 0*c + 22. Give w(6).
-7
Let a(s) be the second derivative of s**4/12 + s**3/6 + 19*s - 7. Give a(0).
0
Let p(y) be the second derivative of 1/3*y**3 + 0 + 1/6*y**4 + y**2 + 14*y. What is p(-2)?
6
Suppose 28*x = 23*x - 10. Let b(w) = -1 + 2*w**3 - 2*w**2 - w**3 + w**3 + 4*w**2 + w. Calculate b(x).
-11
Let q be (0 - -5)/((-17)/(-34)). Let f = q - 4. Let b(r) = -3*r + 8. Calculate b(f).
-10
Let m(y) = y + 11. Suppose -195 = 5*w - 5*c, 0*w - 4*c = 5*w + 150. Let z = w - -34. Calculate m(z).
11
Let q(u) = -u**2 + 8*u + 9. Let l(o) = -o - 1. Let n be l(-1). Suppose -x + 3*x - 14 = n. Give q(x).
16
Let q(h) = -7*h**2 - 9*h + 3. Let l(m) = -4*m**2 - 5*m + 2. Let a(k) = 5*l(k) - 3*q(k). Let o(g) = g**3 - 15*g**2 + 18*g - 57. Let s be o(14). Give a(s).
0
Let f(w) = -w**3 - 2*w**2 + 2*w. Let m(u) = u**3 - u**2 - 5*u - 11. Let y(j) = 2*f(j) + m(j). Calculate y(-5).
-6
Let k(q) = 3*q + 5. Let l be k(3). Let w(g) = -11*g + l*g + 7 - 4*g. Let d be (1 + 2 + -3)/(-2). Give w(d).
7
Let x(w) = -66 + 234 - 56 + w**2 - 58 - 58 - w. What is x(5)?
16
Let u(w) = -7 - 12*w**2 - w**3 - w - 35*w**2 + 52*w**2 - 12*w**2. Suppose 0 = 3*g + 5*y - 0*y + 11, -25 = 3*g - 2*y. What is u(g)?
0
Suppose 0 = -3*y + 2*y + 4. Suppose -i + 10 = y*i. Let o(p) = -3*p + 0*p + 0 - i + 7*p - p**2. What is o(4)?
-2
Let h be (-40)/(-18) + (-6)/27. Suppose 1 = 4*i - g - 6, -3 = -3*g. Let k(p) = 1 - 6*p + h*p**i + p - 2 - 3*p**2. Calculate k(-5).
-1
Let u be -10 + (10 - (2 + 3)). Let d(v) = -7*v + 1. What is d(u)?
36
Let j(p) be the second derivative of p**4/6 + p**2/2 - 2*p + 3. Suppose 20 = 4*z - 3*k, 2*z + 4*k = 3*k. Determine j(z).
9
Let t(q) = 37 - 3*q - 104 + 34 + 34. What is t(-1)?
4
Let z = 117 - 45. Suppose 7*w + 30 - z = 0. Let j(q) = q**3 - 5*q**2 - 7*q - 6. What is j(w)?
-12
Let v be ((-4)/(-6))/((-4)/72). Let f = -7 - v. Let w(q) = 6*q**3 + 8*q**2 + 2*q - 8. Let d(a) = -a**3 - a**2 - a + 1. Let x(g) = f*d(g) + w(g). Give x(-2).
7
Let l be (16/(-14) + 258/42)*2/(-2). Let c(t) be the third derivative of -t**5/60 - 5*t**4/24 - t**3/6 + t**2. Calculate c(l).
-1
Let m = 3 + -2. Suppose -m + 0 = 3*f - l, 2*l + 6 = -2*f. Let r(p) = -8*p**2 - 6*p. Let d(a) = -7*a**2 - 5*a. Let u(c) = 5*d(c) - 4*r(c). Give u(f).
-2
Let p(w) be the third derivative of -w**5/30 + 79*w**2 + 1. Give p(1).
-2
Let i(j) = 2*j + 8 - j**2 - 8*j - 30 - 2*j - 11*j. What is i(-18)?
-4
Let j(a) = 13*a**2 - 8*a - 5. Let b(z) = 4*z**2 - z - 1. Let l(m) = 3*b(m) - j(m). Determine l(7).
-12
Let l(f) = -f**3 + 7*f**2 + 7. Let j be l(7). Let k(o) be the first derivative of -2*o - 1/3*o**3 - 13 + 3*o**2. Determine k(j).
-9
Let o(p) be the first derivative of 4*p**5/5 + p**4/12 + 10*p - 15. Let j(f) be the first derivative of o(f). Give j(-1).
-15
Let l be 4/(-14) + 9/(-84)*-40. Let n(r) = r**3 - 4*r**2 - 2*r - 3. Determine n(l).
-11
Suppose -20*p = 2*p - 1012. Let k = p - 45. Let t(o) = 2*o**2 - 2*o**2 - 2*o + 1 + o**3. Determine t(k).
0
Let t be 0 - (2 - 10)/2. Let x = 1 + 8. Let g(i) = x*i - 3 + t - 5 - 2 - i**2. Give g(7).
8
Let k(r) be the third derivative of -r**4/8 + 7*r**3/3 + 69*r**2. Calculate k(6).
-4
Let d(q) = q**3 - 7*q**3 + 2*q**3 - 4*q + 3*q - 2. What is d(-2)?
32
Let l(z) = z - 4. Let s(h) be the third derivative of h**6/120 + 3*h**5/20 + 5*h**4/24 - 4*h**3 + 9*h**2. Let u be s(-8). Determine l(u).
-4
Suppose 14 = 5*l + 3*g, -3*g - 10 + 0 = -l. Let n(o) = o**3 - 5*o**2 + 5*o - 6. What is n(l)?
-2
Let q(l) = l**2 - 8*l - 8. Let c(w) = 11*w + 241. Let a be c(-21). Determine q(a).
12
Let y(l) = 4*l - 7. Let m = 70 + -88. Let a be ((-10)/(-4))/((-9)/m). Give y(a).
13
Let t(z) = -79 + 31 + 45 - 2*z. What is t(-5)?
7
Let u be 14*1*(-9 - (-57)/6). Let n(d) = -d**2 + 11*d - 6. Calculate n(u).
22
Let x(a) = 2*a - 3. Let t be x(2). Let f be 2/(2/(-36)*(-5 + t)). Let u(k) = k - 9. Give u(f).
0
Let o(f) be the first derivative of -f**3/3 - f**2/2 - 2*f - 4. Let b be 1036/(-481) + (-4)/(-26). Give o(b).
-4
Let m(l) = 2*l**3 + 2*l - l**2 - 3*l**3 + 8 - 5*l**2. Let k be 2*3/(-3)*3. Determine m(k).
-4
Let a(c) = 4*c**2 - 5*c + 7. Let d(j) = -5*j**2 + 3*j - 4*j - 7 + 3*j + 3*j. Let n(w) = -4*a(w) - 3*d(w). Let t be n(3). Let b(h) = -h. Give b(t).
1
Suppose 74*d - 67*d - 21 = 0. Let n(z) = -5*z + 3. Determine n(d).
-12
Let h(o) = -8*o + 2. Suppose 4*y - 8 = -3*d - 0, -8 = 4*d - 4*y. Let k be (d + 1/3)*-6. Give h(k).
18
Let x(i) be the third derivative of i**6/120 - i**5/60 - 3*i**2. Let c(u) = -u**2 - u - 1. Let b be c(-4). Let n = 13 + b. Calculate x(n).
0
Suppose -10 = -b - b. Suppose b*f - 23 - 7 = 0. Let o(v) be the second derivative of v**4/12 - 2*v**3/3 - 4*v**2 - 12*v. Determine o(f).
4
Let f(v) = -v**3 + 11*v**2 - 19*v - 1. Suppose -3*m = 0, -84*l - 5*m + 18 = -82*l. What is f(l)?
-10
Let k(a) = -3*a**3 + 2*a**2 - 3*a + 2. Let v be k(2). Let w be 12/v*(3 + 3 - 1). Let d(t) = t. What is d(w)?
-3
Let a = 2 - 5. Let j(z) = -z - 2. Let d(y) = -2*y + 6. Suppose -2*p - 7 = -b, 3*b - 11 = p - 0*b. Let w(r) = p*j(r) - d(r). What is w(a)?
-14
Let d be (-6)/14 + (-20)/(-14). Let j(k) = k**3 - 7*k**2 + 4*k**3 - 2*k - d - 4*k**3 + 8*k. Calculate j(6).
-1
Let t(f) = -f**3 + 9*f**2 - 8*f + 2. Let k(w) = -w**2 + 2*w + 5. Let h be k(-2). Let x be (h/(-2))/(39/208). Give t(x).
2
Let w be (-13)/2 + (-2)/(-4). Let o(k) = k**3 - 6*k**2 + 4. Let c be o(6). Let s(p) = c + 0*p + p**2 + 0*p**2 + 0*p + 5*p. Calculate s(w).
10
Let x(l) = -6*l - 5. Suppose 9 = 2*k + 5, -5*k = -2*d - 14. Calculate x(d).
7
Let l(y) = y - 3. Let b(p) = -5*p + 2. Let m be b(-1). Suppose -3*x = 4*o - m*o - 21, 0 = x - 4*o - 13. What is l(x)?
2
Let k(q) be the third derivative of -q**5/60 + q**4/6 + q**3/2 - q**2. Let j(f) = 2*f + 19. Let s be j(-13). Let z be -2 + (-5)/(5/s). Calculate k(z).
-2
Suppose 4*c = 2*r + 18, 5*c - 5*r + 59 = 69. Let t(h) be the first derivative of c*h - 1 - 5/2*h**2 - 1/3*h**3. Give t(-5).
7
Let q(x) = x**3 + 7*x**2 - 10*x - 10. Let y be (-1)/3 - (384/9 - 1). Let r be y/5 - 4/(-10). Calculate q(r).
6
Let z(b) = -b**3 + b**2 - 1. Let d(u) = -4*u**3 + 5*u**2 + 3*u - 9. Let p(t) = d(t) - 6*z(t). Let s(j) = j**2. Let k(n) = p(n) - 4*s(n). Determine k(3).
15
Let p(h) be the third derivative of h**6/120 - h**5/10 - h**4/6 + 5*h**3/6 - 568*h**2. What is p(7)?
26
Let m(r) = -r**2 + 13*r + 4. Let c(s) = 1. Let w(a) = -3*c(a) - m(a). What is w(13)?
-7
Suppose -3*h - 5*s = 8, -32 = 2*h - 5*h + 5*s. Let t be -1*h/20*5. Let i(u) = u**2. What is i(t)?
1
Let h(w) be the first derivative of -29*w**2/2 + 3*w - 199. What is h(1)?
-26
Let s(p) be the third derivative of p**6/120 - p**4/24 + p**3/3 - 231*p**2. Let f = -6 + 4. What is s(f)?
-4
Let q(p) be the second derivative of -2*p**3/3 - 7*p**2/2 - 204*p. Give q(-3).
5
Let d(p) = p**2 - 3. Let a be (-5 + (-6)/(-3))*6/9. Determine d(a).
1
Let k(d) = -d - 6. Let n = 31 - 15. Suppose 0 = -n*p + 12*p - 20. What is k(p)?
-1
Let s(w) = w**2 - w - 25. Let q(j) = j**3 + 3*j - 5. Let c be q(0). Let b be s(c). Let x(n) = -n**2 + 6*n - 3. Give x(b).
2
Let r be (-15)/(-20) + (-13)/(-4). Suppose -4*v - y + 0 = -18, 4*v = r*y + 8. Let m(w) = w**2 - 1 - 2*w**2 + 10*w + v - 5*w. What is m(4)?
7
Let s(k) = -4*k**2 - 40*k**3 + 294 + 38*k**3 - 296. Calculate s(-3).
16
Let t(g) = -2*g**2 - 4*g + 1. Let x = 46 - 34. Let p be (-1*1)/((32/x)/8). Determine t(p).
-5
Let n(j) be the third derivative of 4*j**5/15 - j**3/6 + 472*j**2. Calculate n(1).
15
Suppose 0 = -6*p + 123 - 147. Let h(k) = -k - 1. Calculate h(p).
3
Let v(l) = -l - 5. Let n(o) be the third derivative of -o**4/24 + 5*o**3/3 + 45*o**2. Let h(d) = -d**2 - 6*d + 6. Let r be h(-6). Let x be n(r). Calculate v(x).
-9
Let j(r)